4.
14
Calculate the greatest common divisor of 153 and 24511042.
17
What is the highest common factor of 8750767 and 1224?
17
Calculate the highest common divisor of 135820552 and 13116.
4372
Calculate the greatest common divisor of 4 and 281786.
2
What is the greatest common factor of 133081 and 12557?
29
Calculate the highest common factor of 94140 and 1106565.
15
What is the greatest common factor of 281843081 and 23?
23
Calculate the greatest common factor of 257251 and 242.
1
Calculate the highest common divisor of 26631044 and 13090.
374
Calculate the highest common factor of 751360 and 2400830.
5870
Calculate the highest common factor of 12632647 and 35895.
2393
What is the highest common divisor of 16187967 and 18276?
4569
Calculate the greatest common divisor of 14438860 and 11780.
380
Calculate the highest common factor of 21516210 and 138.
6
What is the highest common factor of 364377 and 13143?
39
Calculate the highest common factor of 128730460 and 1020.
340
Calculate the highest common factor of 363970 and 4420.
170
What is the highest common divisor of 66078385 and 34240?
535
Calculate the greatest common factor of 1785126768 and 6192.
2064
What is the highest common factor of 945 and 3226581?
27
Calculate the highest common divisor of 19690425 and 4650.
2325
What is the greatest common divisor of 1278 and 231802646?
142
What is the greatest common divisor of 309929066 and 6382?
6382
What is the greatest common divisor of 111425472 and 320?
64
Calculate the greatest common divisor of 328 and 42016472.
328
Calculate the highest common divisor of 3318 and 801066.
42
What is the highest common factor of 9673830 and 4185?
135
What is the highest common divisor of 374297 and 616?
77
Calculate the greatest common divisor of 21 and 14675352.
3
Calculate the highest common divisor of 6982 and 1409993954.
6982
Calculate the highest common divisor of 506970 and 11610.
3870
Calculate the greatest common divisor of 26967 and 131401.
101
What is the greatest common divisor of 161 and 94380293?
161
Calculate the greatest common divisor of 156 and 17507828.
52
What is the highest common factor of 1333 and 2421588?
43
What is the highest common divisor of 108675876 and 201?
201
Calculate the highest common factor of 308 and 25504122.
14
What is the greatest common divisor of 39 and 53701479?
39
What is the highest common divisor of 538086 and 9?
3
Calculate the greatest common factor of 4744 and 1016995.
593
What is the greatest common divisor of 54 and 909990?
18
What is the greatest common factor of 27968 and 2774076?
1748
Calculate the greatest common divisor of 182 and 4336528.
14
What is the greatest common divisor of 72917 and 679328?
923
What is the greatest common divisor of 315075 and 3196961?
4201
What is the highest common divisor of 407160 and 40560?
1560
What is the greatest common factor of 1114 and 2950737578?
1114
Calculate the greatest common divisor of 754808418 and 78.
78
Calculate the greatest common divisor of 607609 and 39437.
349
Calculate the greatest common factor of 592 and 1024.
16
What is the greatest common divisor of 464008 and 310496?
248
What is the highest common divisor of 174 and 170358?
6
Calculate the greatest common divisor of 268 and 76113407.
67
Calculate the highest common divisor of 3309075 and 8400.
525
Calculate the highest common factor of 5080 and 762675640.
5080
Calculate the highest common factor of 292413996 and 3618.
3618
What is the highest common factor of 57472 and 1963477?
449
Calculate the greatest common factor of 18236183 and 980.
49
Calculate the greatest common factor of 126980 and 1017380.
140
Calculate the highest common factor of 234 and 43472.
26
What is the highest common divisor of 5267193 and 371?
53
What is the greatest common factor of 3 and 8346333?
3
What is the greatest common divisor of 78043014 and 4536?
1134
What is the highest common divisor of 26344 and 156106?
178
What is the greatest common divisor of 1242957 and 1336155?
951
Calculate the greatest common factor of 341757235 and 505.
505
Calculate the highest common factor of 13604 and 357124.
76
What is the greatest common divisor of 441000 and 2200?
200
What is the highest common factor of 310 and 776045?
5
Calculate the greatest common divisor of 4674062 and 1702.
74
What is the greatest common factor of 613485 and 60?
15
What is the greatest common factor of 1937909 and 61?
61
What is the greatest common divisor of 12 and 3661158?
6
What is the greatest common factor of 1810 and 6847954?
362
What is the greatest common factor of 2237796 and 52?
4
Calculate the highest common factor of 86 and 143499729.
43
What is the greatest common factor of 251 and 250340874?
251
Calculate the greatest common divisor of 709368376 and 27282.
9094
Calculate the greatest common divisor of 68504764 and 3128.
1564
Calculate the greatest common factor of 30131 and 553787.
1039
Calculate the highest common factor of 47383 and 1710623.
967
Calculate the highest common divisor of 17232 and 389472.
48
What is the highest common factor of 132451 and 473?
11
Calculate the greatest common divisor of 37781029 and 470171.
7969
What is the greatest common divisor of 90441 and 13498899?
2319
What is the highest common divisor of 189290320 and 1525?
305
Calculate the greatest common divisor of 702 and 62229843.
351
What is the highest common factor of 5038 and 17783224?
458
Calculate the greatest common divisor of 57 and 3139636.
19
Calculate the greatest common factor of 11352 and 314244.
516
What is the greatest common factor of 8 and 7909468?
4
What is the greatest common factor of 23865 and 497280?
555
Calculate the highest common factor of 5562 and 490914.
54
Calculate the greatest common divisor of 1001 and 353062424.
143
What is the greatest common divisor of 322324 and 172508?
244
What is the highest common divisor of 67966 and 508147?
17
Calculate the highest common factor of 28320336 and 560.
16
What is the greatest common divisor of 496950 and 386850?
150
What is the greatest common factor of 51030 and 129195?
405
Calculate the greatest common divisor of 1298 and 727078.
22
Calculate the highest common divisor of 31850 and 8800.
50
What is the highest common factor of 37471169 and 3386?
1693
What is the greatest common divisor of 1935 and 1402630?
5
Calculate the greatest common divisor of 856 and 143564468.
428
Calculate the highest common factor of 5909657 and 499.
499
What is the highest common divisor of 21098557 and 29177?
163
Calculate the greatest common factor of 1349100 and 10440.
180
Calculate the greatest common factor of 15555750 and 240.
30
Calculate the highest common divisor of 12564 and 10386.
18
What is the highest common factor of 1471200 and 1890?
30
Calculate the greatest common factor of 98010 and 1860570.
810
What is the highest common factor of 899708 and 69037?
2227
Calculate the greatest common factor of 3213 and 762756561.
3213
Calculate the greatest common factor of 219 and 17132097.
3
Calculate the greatest common factor of 187030976 and 1160.
232
Calculate the highest common divisor of 798 and 986461.
133
Calculate the greatest common divisor of 62 and 646860725.
31
What is the highest common divisor of 308934 and 11826?
162
Calculate the greatest common factor of 135 and 3737940.
15
Calculate the greatest common factor of 4760469 and 105602.
133
What is the greatest common factor of 25128 and 2073024?
72
What is the highest common factor of 1977155 and 340?
5
What is the greatest common factor of 4607 and 1486361?
17
What is the greatest common factor of 157874 and 134328?
386
What is the highest common factor of 10450 and 3186150?
550
Calculate the highest common divisor of 66025692 and 90.
18
What is the highest common factor of 161261 and 316367?
1231
Calculate the greatest common divisor of 56760 and 415767.
1419
What is the highest common divisor of 945602 and 49?
49
What is the highest common divisor of 69317187 and 57?
57
What is the highest common factor of 5204 and 25461871?
1301
Calculate the greatest common divisor of 24818550 and 195.
15
What is the greatest common factor of 7000 and 12640880?
280
What is the highest common factor of 1179340614 and 9774?
9774
What is the greatest common fa